{"id":6,"date":"2017-06-16T23:16:07","date_gmt":"2017-06-16T21:16:07","guid":{"rendered":"https:\/\/kosma.pl\/stereotyp\/?page_id=6"},"modified":"2018-01-24T23:44:25","modified_gmt":"2018-01-24T22:44:25","slug":"autor","status":"publish","type":"page","link":"https:\/\/kosma.pl\/stereotyp\/autor\/","title":{"rendered":"Autor."},"content":{"rendered":"<p>Kazali pisa\u0107, wi\u0119c pisz\u0119. Zbyt wiele os\u00f3b pyta o spektrum autyzmu z perspektywy samego zainteresowanego, bym nie pisa\u0142; zbyt wiele my\u015bli, kt\u00f3re rodzi mi si\u0119 w g\u0142owie, przyjmuje form\u0119 podejrzanie podobn\u0105 do artyku\u0142u, kt\u00f3ry a\u017c prosi si\u0119 o publikacj\u0119.<\/p>\n<p>Jestem Kosma &#8211; tak nazwali mnie rodzice, kt\u00f3rzy zim\u0105 1987 roku musieli straszliwie si\u0119 nudzi\u0107, by wymy\u015bli\u0107 tak dziwne imi\u0119. Na pytanie &#8222;kim jeste\u015b?&#8221; nie umiem odpowiedzie\u0107. Zawodowo &#8211; in\u017cynier elektronik. Po godzinach &#8211; fotografo-hipster. Od \u015bwi\u0119ta &#8211; skrzypek od siedmiu bole\u015bci. Czuj\u0119 cholern\u0105, nieustann\u0105 potrzeb\u0119 robienia czego\u015b.<\/p>\n<p>Wszystkie fotografie na tym blogu, je\u015bli nie zaznaczy\u0142em inaczej, s\u0105 mojego autorstwa.<\/p>\n<p>PS. Lubi\u0119 by\u0107 dramatyczny. Nic na to nie poradz\u0119. ;)<\/p>\n<p><a href=\"https:\/\/kosma.pl\/stereotyp\/wp-content\/uploads\/2017\/06\/15874861_1778055002456429_1210878974862338096_o.jpg\" data-rel=\"lightbox-image-0\" data-rl_title=\"\" data-rl_caption=\"\" title=\"\"><img loading=\"lazy\" decoding=\"async\" src=\"https:\/\/kosma.pl\/stereotyp\/wp-content\/uploads\/2017\/06\/15874861_1778055002456429_1210878974862338096_o-1024x678.jpg\" alt=\"\" width=\"640\" height=\"424\" class=\"aligncenter size-large wp-image-39\" srcset=\"https:\/\/kosma.pl\/stereotyp\/wp-content\/uploads\/2017\/06\/15874861_1778055002456429_1210878974862338096_o-1024x678.jpg 1024w, https:\/\/kosma.pl\/stereotyp\/wp-content\/uploads\/2017\/06\/15874861_1778055002456429_1210878974862338096_o-720x477.jpg 720w, https:\/\/kosma.pl\/stereotyp\/wp-content\/uploads\/2017\/06\/15874861_1778055002456429_1210878974862338096_o-768x509.jpg 768w, https:\/\/kosma.pl\/stereotyp\/wp-content\/uploads\/2017\/06\/15874861_1778055002456429_1210878974862338096_o.jpg 2048w\" sizes=\"auto, (max-width: 640px) 100vw, 640px\" \/><\/a><\/p>\n","protected":false},"excerpt":{"rendered":"<p> Kazali pisa\u0107, wi\u0119c pisz\u0119. Zbyt wiele os\u00f3b pyta o spektrum autyzmu z perspektywy samego zainteresowanego, bym nie pisa\u0142; zbyt wiele my\u015bli, kt\u00f3re rodzi mi si\u0119 w g\u0142owie, przyjmuje form\u0119 podejrzanie podobn\u0105 do artyku\u0142u, kt\u00f3ry a\u017c prosi si\u0119 o publikacj\u0119. Jestem Kosma &#8211; tak nazwali mnie rodzice, kt\u00f3rzy zim\u0105 1987 roku musieli straszliwie si\u0119 nudzi\u0107, by &#8230; <a class=\"read-more more-link\" href=\"https:\/\/kosma.pl\/stereotyp\/autor\/\">Read more &raquo;<\/a><\/p>","protected":false},"author":1,"featured_media":0,"parent":0,"menu_order":0,"comment_status":"closed","ping_status":"closed","template":"","meta":{"footnotes":""},"class_list":["post-6","page","type-page","status-publish","hentry"],"yoast_head":"<!-- This site is optimized with the Yoast SEO plugin v22.0 - https:\/\/yoast.com\/wordpress\/plugins\/seo\/ -->\n<title>Autor. &#8212; Stereotyp.<\/title>\n<meta name=\"robots\" content=\"index, follow, max-snippet:-1, max-image-preview:large, max-video-preview:-1\" \/>\n<link rel=\"canonical\" href=\"https:\/\/kosma.pl\/stereotyp\/autor\/\" \/>\n<meta property=\"og:locale\" content=\"pl_PL\" \/>\n<meta property=\"og:type\" content=\"article\" \/>\n<meta property=\"og:title\" content=\"Autor. &#8212; Stereotyp.\" \/>\n<meta property=\"og:description\" content=\"Kazali pisa\u0107, wi\u0119c pisz\u0119. Zbyt wiele os\u00f3b pyta o spektrum autyzmu z perspektywy samego zainteresowanego, bym nie pisa\u0142; zbyt wiele my\u015bli, kt\u00f3re rodzi mi si\u0119 w g\u0142owie, przyjmuje form\u0119 podejrzanie podobn\u0105 do artyku\u0142u, kt\u00f3ry a\u017c prosi si\u0119 o publikacj\u0119. Jestem Kosma &#8211; tak nazwali mnie rodzice, kt\u00f3rzy zim\u0105 1987 roku musieli straszliwie si\u0119 nudzi\u0107, by ...\" \/>\n<meta property=\"og:url\" content=\"https:\/\/kosma.pl\/stereotyp\/autor\/\" \/>\n<meta property=\"og:site_name\" content=\"Stereotyp.\" \/>\n<meta property=\"article:publisher\" content=\"https:\/\/www.facebook.com\/stereotyp\" \/>\n<meta property=\"article:modified_time\" content=\"2018-01-24T22:44:25+00:00\" \/>\n<meta property=\"og:image\" content=\"https:\/\/kosma.pl\/stereotyp\/wp-content\/uploads\/2017\/06\/15874861_1778055002456429_1210878974862338096_o-1024x678.jpg\" \/>\n<meta name=\"twitter:card\" content=\"summary_large_image\" \/>\n<meta name=\"twitter:label1\" content=\"Szacowany czas czytania\" \/>\n\t<meta name=\"twitter:data1\" content=\"1 minuta\" \/>\n<script type=\"application\/ld+json\" class=\"yoast-schema-graph\">{\"@context\":\"https:\/\/schema.org\",\"@graph\":[{\"@type\":\"WebPage\",\"@id\":\"https:\/\/kosma.pl\/stereotyp\/autor\/\",\"url\":\"https:\/\/kosma.pl\/stereotyp\/autor\/\",\"name\":\"Autor. &#8212; Stereotyp.\",\"isPartOf\":{\"@id\":\"https:\/\/kosma.pl\/stereotyp\/#website\"},\"datePublished\":\"2017-06-16T21:16:07+00:00\",\"dateModified\":\"2018-01-24T22:44:25+00:00\",\"breadcrumb\":{\"@id\":\"https:\/\/kosma.pl\/stereotyp\/autor\/#breadcrumb\"},\"inLanguage\":\"pl-PL\",\"potentialAction\":[{\"@type\":\"ReadAction\",\"target\":[\"https:\/\/kosma.pl\/stereotyp\/autor\/\"]}]},{\"@type\":\"BreadcrumbList\",\"@id\":\"https:\/\/kosma.pl\/stereotyp\/autor\/#breadcrumb\",\"itemListElement\":[{\"@type\":\"ListItem\",\"position\":1,\"name\":\"Strona g\u0142\u00f3wna\",\"item\":\"https:\/\/kosma.pl\/stereotyp\/\"},{\"@type\":\"ListItem\",\"position\":2,\"name\":\"Autor.\"}]},{\"@type\":\"WebSite\",\"@id\":\"https:\/\/kosma.pl\/stereotyp\/#website\",\"url\":\"https:\/\/kosma.pl\/stereotyp\/\",\"name\":\"Stereotyp.\",\"description\":\"\",\"potentialAction\":[{\"@type\":\"SearchAction\",\"target\":{\"@type\":\"EntryPoint\",\"urlTemplate\":\"https:\/\/kosma.pl\/stereotyp\/?s={search_term_string}\"},\"query-input\":\"required name=search_term_string\"}],\"inLanguage\":\"pl-PL\"}]}<\/script>\n<!-- \/ Yoast SEO plugin. -->","yoast_head_json":{"title":"Autor. &#8212; Stereotyp.","robots":{"index":"index","follow":"follow","max-snippet":"max-snippet:-1","max-image-preview":"max-image-preview:large","max-video-preview":"max-video-preview:-1"},"canonical":"https:\/\/kosma.pl\/stereotyp\/autor\/","og_locale":"pl_PL","og_type":"article","og_title":"Autor. &#8212; Stereotyp.","og_description":"Kazali pisa\u0107, wi\u0119c pisz\u0119. Zbyt wiele os\u00f3b pyta o spektrum autyzmu z perspektywy samego zainteresowanego, bym nie pisa\u0142; zbyt wiele my\u015bli, kt\u00f3re rodzi mi si\u0119 w g\u0142owie, przyjmuje form\u0119 podejrzanie podobn\u0105 do artyku\u0142u, kt\u00f3ry a\u017c prosi si\u0119 o publikacj\u0119. Jestem Kosma &#8211; tak nazwali mnie rodzice, kt\u00f3rzy zim\u0105 1987 roku musieli straszliwie si\u0119 nudzi\u0107, by ...","og_url":"https:\/\/kosma.pl\/stereotyp\/autor\/","og_site_name":"Stereotyp.","article_publisher":"https:\/\/www.facebook.com\/stereotyp","article_modified_time":"2018-01-24T22:44:25+00:00","og_image":[{"url":"https:\/\/kosma.pl\/stereotyp\/wp-content\/uploads\/2017\/06\/15874861_1778055002456429_1210878974862338096_o-1024x678.jpg"}],"twitter_card":"summary_large_image","twitter_misc":{"Szacowany czas czytania":"1 minuta"},"schema":{"@context":"https:\/\/schema.org","@graph":[{"@type":"WebPage","@id":"https:\/\/kosma.pl\/stereotyp\/autor\/","url":"https:\/\/kosma.pl\/stereotyp\/autor\/","name":"Autor. &#8212; Stereotyp.","isPartOf":{"@id":"https:\/\/kosma.pl\/stereotyp\/#website"},"datePublished":"2017-06-16T21:16:07+00:00","dateModified":"2018-01-24T22:44:25+00:00","breadcrumb":{"@id":"https:\/\/kosma.pl\/stereotyp\/autor\/#breadcrumb"},"inLanguage":"pl-PL","potentialAction":[{"@type":"ReadAction","target":["https:\/\/kosma.pl\/stereotyp\/autor\/"]}]},{"@type":"BreadcrumbList","@id":"https:\/\/kosma.pl\/stereotyp\/autor\/#breadcrumb","itemListElement":[{"@type":"ListItem","position":1,"name":"Strona g\u0142\u00f3wna","item":"https:\/\/kosma.pl\/stereotyp\/"},{"@type":"ListItem","position":2,"name":"Autor."}]},{"@type":"WebSite","@id":"https:\/\/kosma.pl\/stereotyp\/#website","url":"https:\/\/kosma.pl\/stereotyp\/","name":"Stereotyp.","description":"","potentialAction":[{"@type":"SearchAction","target":{"@type":"EntryPoint","urlTemplate":"https:\/\/kosma.pl\/stereotyp\/?s={search_term_string}"},"query-input":"required name=search_term_string"}],"inLanguage":"pl-PL"}]}},"_links":{"self":[{"href":"https:\/\/kosma.pl\/stereotyp\/wp-json\/wp\/v2\/pages\/6","targetHints":{"allow":["GET"]}}],"collection":[{"href":"https:\/\/kosma.pl\/stereotyp\/wp-json\/wp\/v2\/pages"}],"about":[{"href":"https:\/\/kosma.pl\/stereotyp\/wp-json\/wp\/v2\/types\/page"}],"author":[{"embeddable":true,"href":"https:\/\/kosma.pl\/stereotyp\/wp-json\/wp\/v2\/users\/1"}],"replies":[{"embeddable":true,"href":"https:\/\/kosma.pl\/stereotyp\/wp-json\/wp\/v2\/comments?post=6"}],"version-history":[{"count":7,"href":"https:\/\/kosma.pl\/stereotyp\/wp-json\/wp\/v2\/pages\/6\/revisions"}],"predecessor-version":[{"id":297,"href":"https:\/\/kosma.pl\/stereotyp\/wp-json\/wp\/v2\/pages\/6\/revisions\/297"}],"wp:attachment":[{"href":"https:\/\/kosma.pl\/stereotyp\/wp-json\/wp\/v2\/media?parent=6"}],"curies":[{"name":"wp","href":"https:\/\/api.w.org\/{rel}","templated":true}]}}